
12
Let m be (28/(-42))/((-4)/6*-1). Let i(l) = -3*l + 10. Let n be i(6). What is the remainder when n/((-8)/(-159))*m is divided by 32?
31
Suppose -3*m + 72 = -x, 4*m + 0*x - 112 = -4*x. Suppose -4*v + 2*c = -132, 2*v = 6*v - 5*c - 126. What is the remainder when v is divided by m?
9
Calculate the remainder when 3071 is divided by (-18)/(-3) + 45/(-15)*(-4)/6.
7
Let r be (6 - -1)/(2 + 10/(-6)). Suppose 0 = -7*a - r*a + 280. What is the remainder when 99 is divided by a?
9
Suppose 0 = -63*f + 89*f - 56628. Calculate the remainder when f is divided by 56.
50
Let g be -81 - (-5 + (-20)/(-2)). What is the remainder when 71 is divided by (43/g)/((-1)/50)?
21
Let w(z) = 6*z - 44. Let d = -66 - -74. Let m be w(d). Suppose j = -3*o + 60, 5*j = m*o + o - 120. Calculate the remainder when 103 is divided by o.
19
Let f(x) = -5*x**2 + 36*x - 15. What is the remainder when 728 is divided by f(6)?
14
Let s(c) = -20*c**2 - 4*c - 5. Let t be s(-2). Let y = t - -69. Let o(w) = w**2 + 6*w - 5. Calculate the remainder when 30 is divided by o(y).
8
Suppose 0 = -0*t - 5*t + 385. Let y be 446/34 + 64/(-544). Suppose -4*q + y*q = 117. Calculate the remainder when t is divided by q.
12
Suppose -291*u + 14290 + 12810 = -836. Suppose 2*n = -3*o + 53, -51 - 17 = -4*o - 2*n. Calculate the remainder when u is divided by o.
6
Let y(t) = 14*t**3 - t**2 + t + 1. Let a be y(-1). Let o(v) = -v**2 - 17*v + 32. Suppose 3*c - 27 = 21. What is the remainder when o(a) is divided by c?
14
What is the remainder when 15276 is divided by 13/(130/250) + (-13 - (-16)/4)?
12
Calculate the remainder when 2204*7/56*2 is divided by 17.
7
Suppose -4*p - 44 - 32 = 0. Calculate the remainder when (21 + p)/(4/106) is divided by 14.
11
Suppose z = o - 25, 17*z - 95 = -5*o + 12*z. What is the remainder when 3033 is divided by o?
19
Calculate the remainder when 9*(-12)/(-594) + (-19854)/(-66) is divided by 32.
13
Let c(k) = -2*k**2 + 36*k - 33. Suppose 12*g - 890 - 1702 = 0. What is the remainder when g is divided by c(16)?
30
Suppose 5*u = 3 + 537. Suppose 0 = -3*z + 3*t + u, -4*z + t + 61 + 71 = 0. Calculate the remainder when 0/(-1) + 2440/40 is divided by z.
29
Suppose 0 = -2*h + 5*z - z + 288, -4*z = h - 132. Let f = -79581 - -79653. What is the remainder when h is divided by f?
68
Let l(g) = 18*g**3 - 2*g**2 + 1. Suppose 9*z - 147 = 33. Suppose -37*d + 42*d = z. What is the remainder when l(1) is divided by d?
1
Suppose -642*r - 2*d = -637*r - 816, 0 = 4*r - 3*d - 616. What is the remainder when 498 is divided by r?
18
Suppose -86*u + 5667 = -6889. Let y be 8/(-6)*351/(-6). Suppose 4*o - y = -z - z, -z + 2*o = -59. Calculate the remainder when u is divided by z.
48
Let i(h) = -h**2 + 14*h - 19. Let s be i(11). Suppose -5*o + 193 = f, s = 4*f + 2. What is the remainder when 265 is divided by o?
37
Let p(h) = -429*h + 432. What is the remainder when 77 is divided by p(1)?
2
Let j(h) = 11*h**2 + h + 54. Let i be j(0). Suppose 66 = o - i. Calculate the remainder when o is divided by 45.
30
What is the remainder when 1897 is divided by 187/(-11)*(-9 - 42/(-6))?
27
Let h be 51/3*(1 + 0). Let a(r) = h*r - 30*r + r**3 - 3*r**2 + 13 + r - r**2. What is the remainder when 38 is divided by a(6)?
12
Let z(k) = 21*k**2 - 2*k - 2. Suppose 0*x - 54 = -2*x + 3*f, 3*f = -12. Let v = x - 22. What is the remainder when z(v) is divided by 5?
1
Suppose -120*y = -3*y - 63297. What is the remainder when y is divided by 15?
1
Suppose -110*d = 408 - 6458. Calculate the remainder when 328 is divided by d.
53
Let l(t) = -9*t + 4*t + 10 - 3*t + 10*t. Let d = -6 - -13. Calculate the remainder when 40 is divided by l(d).
16
Let l(c) = c**2 + 2*c - 12. Let m = -14 - -21. Suppose -m*j - 36 = -j. Calculate the remainder when 34 is divided by l(j).
10
Let y = 63 - 44. Let c = 110 - y. Let b = -8 + c. Calculate the remainder when b is divided by 21.
20
Let n(c) = -c**2 - 12*c - 7. Let p = 37 - 34. Suppose i + r = 98, -i - p*r = -6*i + 474. What is the remainder when i is divided by n(-8)?
21
Let l = 30584 + -30547. Let s = 65 + 155. What is the remainder when s is divided by l?
35
Let l(r) = 17*r**2. Let m be l(-1). Suppose 75 = -14*g + m*g. What is the remainder when 48 is divided by g?
23
Suppose 3*u + 12 = 0, 2*u - 13 = -i - 2. Suppose 3*f = 5*r - 8, -3*f - 2*r = -1 - i. Let p = -45 - -72. What is the remainder when p is divided by f?
3
Let i = 207 + -148. Let h be (-18)/15*(-5 - -10). What is the remainder when i is divided by 144/10 + h/(-10)?
14
Let t(r) = r**3 - 14*r**2 - 17*r - 188. Suppose 4*m - 92 = 4*z, 0 = 4*z + 7 + 5. Calculate the remainder when t(16) is divided by m.
12
Suppose 3*f + 9*r - 582 = 3*r, 0 = 5*f - 2*r - 898. Calculate the remainder when f is divided by 41.
18
Let n be (-1 - (-4)/3)/(3/54). Suppose -n*h + 5*h = -4*r + 62, -71 = -5*r - 2*h. Let f(o) = o + 110. Calculate the remainder when f(-23) is divided by r.
12
Suppose -23*v = 703 - 6821. Calculate the remainder when v is divided by 21.
14
Suppose -195 = -4*m - 5*y + 346, 531 = 4*m - 5*y. What is the remainder when 710 is divided by m?
40
Suppose 0 = 6*g - 363 - 213. Suppose -9*i - g = -17*i. What is the remainder when 130 is divided by i?
10
Suppose -3*a = -4*i - 6980, 3*a - 4967 = -3*i + 1978. What is the remainder when a is divided by 75?
70
Suppose -4*l - 10*l = -0*l - 322. Calculate the remainder when 58 is divided by l.
12
Suppose 42 = 4*f + 2*s, 0 = 4*f - s + 6 - 39. Calculate the remainder when 133 is divided by f.
7
Let p = 26 + -8. Let t(w) be the third derivative of 13*w**5/60 - w**3/3 - 8*w**2. Calculate the remainder when t(2) is divided by p.
14
Let c = 7282 + -7003. What is the remainder when c is divided by 59?
43
Let l = 77 - 26. Calculate the remainder when ((-29)/((-957)/(-16368)))/(-2) is divided by l.
44
Let a = 1391 + -1243. Calculate the remainder when a is divided by (14 + 1)*(20/12 + -1).
8
Let z(q) = -3*q - 19. Let k be z(-4). Let r = 48 + k. What is the remainder when r is divided by 15?
11
Let r(l) = 10*l + 25. Let n be r(-2). Suppose -n*c + 70 = 20. Calculate the remainder when 57 is divided by c.
7
Let k(y) = y**3 + 6*y**2 + 6*y + 6. Let x be ((-25)/10)/((-1)/(-2)). Let q(z) = -30*z + 274. Calculate the remainder when q(9) is divided by k(x).
0
Let c = -40 - -75. Let t(s) = 748*s + 21011. Calculate the remainder when t(-28) is divided by c.
32
Suppose 3*f + 2*f - 4*n - 492 = 0, -3*f - 2*n + 304 = 0. Suppose -76*x = -s - 80*x + 73, -115 = -3*s - 4*x. Calculate the remainder when f is divided by s.
16
Let q = 132 + -139. What is the remainder when 190 is divided by (3 - q) + (-21 - -24)?
8
Let m = -22302 - -22327. Calculate the remainder when 380 is divided by m.
5
Let k(x) = 12*x - 33*x - 2 + 15*x. Let y be k(-1). Suppose -4*v - i = -9*v + 68, 0 = -y*v + 5*i + 67. What is the remainder when v is divided by 5?
3
Let v(q) be the third derivative of -5*q**4/6 - 91*q**3/2 + 43*q**2 - q. Suppose -2*j + 0*j + 82 = 0. What is the remainder when j is divided by v(-14)?
6
Suppose -d - 3*d + 44 = -3*m, 3*d + 2*m - 16 = 0. What is the remainder when 154/(-33)*26/(-28)*12 is divided by d?
4
Suppose -6*z = -32*z + 130. Suppose 0*f + z*f - 3*q = 626, 4*q = 12. Let r(k) = 10*k + 2. What is the remainder when f is divided by r(3)?
31
Calculate the remainder when 977 is divided by (1/2)/((-123)/(-12) - 10)*80.
17
Suppose 102934*s - 102919*s = 259005. Calculate the remainder when s is divided by 11.
8
Suppose -4*c - 3*x + 179 = 0, 3*c - 2*c - 51 = -2*x. Suppose -m + c = l - 10, -5*m = 2*l - 270. What is the remainder when 204 is divided by m?
36
Let b = 257 + -157. Suppose 4*c - 96 = 4*w, -3*c - 5*w + w + b = 0. Calculate the remainder when 107 is divided by c.
23
Let k(s) = -3*s + 71. Let a be k(23). Let u(j) = 2*j**3 + 5*j**2 - 2*j + 2. Calculate the remainder when 78 is divided by u(a).
10
Let l(x) = 17*x + 4 - 28*x + 16*x + 5*x**2. Let i be l(-1). Suppose -f + 3*j + 29 = 0, -2*j + 2 = -i. What is the remainder when f is divided by 10?
8
Suppose 3*m = -2*n - 191, 3*m - 7 + 192 = 4*n. Suppose -95 = -12*b + 37. Calculate the remainder when b is divided by ((-1)/(-3))/((-7)/m).
2
Let b(w) = w + 204 - 95 - 3*w. Calculate the remainder when b(21) is divided by 38.
29
Let h = -128 - -128. Suppose -29*j + 28*j + 41 = h. Suppose 171 - 